{"id":981,"date":"2017-02-17T14:37:01","date_gmt":"2017-02-17T13:37:01","guid":{"rendered":"https:\/\/www.escrime-cde92.fr\/?page_id=981"},"modified":"2017-02-17T16:45:37","modified_gmt":"2017-02-17T15:45:37","slug":"generalites","status":"publish","type":"page","link":"https:\/\/www.escrime-cde92.fr\/?page_id=981","title":{"rendered":"G\u00e9n\u00e9ralit\u00e9s"},"content":{"rendered":"<p><span style=\"color: #000080;\"><strong>Centre National pour le D\u00e9veloppement du Sport<\/strong><\/span><\/p>\n<p><span style=\"color: #000080;\">Le CNDS, cr\u00e9\u00e9 par le d\u00e9cret n\u00b0 2006-248 du 2 mars 2006, a remplac\u00e9 le Fonds National de D\u00e9veloppement du Sport (FNDS).<\/span><br \/>\n<span style=\"color: #000080;\"> Il s&rsquo;agit d&rsquo;un dispositif destin\u00e9 \u00e0 soutenir les projets des associations sportives. Les orientations g\u00e9n\u00e9rales du CNDS sont fix\u00e9es par le Minist\u00e8re charg\u00e9 des Sports, avec des priorit\u00e9s r\u00e9gionales qui sont d\u00e9finies dans le respect des directives nationales.<\/span><\/p>\n<p><span style=\"color: #000080;\">Pour toute demande de subvention (depuis 2015), le seuil minimal est fix\u00e9 \u00e0:<\/span><br \/>\n<span style=\"color: #000080;\">&#8211; 1500\u20ac pour les comit\u00e9s, les clubs unisport,<\/span><br \/>\n<span style=\"color: #000080;\">&#8211; 1000\u20ac pour les sections sportives des clubs omnisports<\/span><br \/>\n<span style=\"color: #000080;\">La dotation minimum attribu\u00e9e est de 1500\u20ac \u00a0(de 750\u20ac en 2014).<\/span><\/p>\n<p><span style=\"color: #000080;\">La demande aupr\u00e8s du CNDS ne doit pas d\u00e9passer 50% du budget de l&rsquo;action et la participation du club doit \u00eatre suffisamment cons\u00e9quente.pour un club omnisports, et de 1000\u20ac pour une section d&rsquo;un club omnisports (depuis 2016).<\/span><\/p>\n<p><span style=\"color: #000080;\">Des soir\u00e9es de pr\u00e9sentation de campagne CNDS sont organis\u00e9es tous les ans par la DDCS92:<br \/>\nune \u00e0 destination des Comit\u00e9s D\u00e9partementaux uniquement,<br \/>\nles deux autres \u00e0 destination des clubs (une a lieu dans le Nord du d\u00e9partement, l&rsquo;autre dans le sud).<\/span><\/p>\n","protected":false},"excerpt":{"rendered":"<p>Centre National pour le D\u00e9veloppement du Sport Le CNDS, cr\u00e9\u00e9 par le d\u00e9cret n\u00b0 2006-248 du 2 mars 2006, a remplac\u00e9 le Fonds National de D\u00e9veloppement du Sport (FNDS). Il s&rsquo;agit d&rsquo;un dispositif destin\u00e9 \u00e0 soutenir les projets des associations sportives. Les orientations g\u00e9n\u00e9rales du CNDS sont fix\u00e9es par le Minist\u00e8re charg\u00e9 des Sports, avec &#8230; <a title=\"G\u00e9n\u00e9ralit\u00e9s\" class=\"read-more\" href=\"https:\/\/www.escrime-cde92.fr\/?page_id=981\" aria-label=\"En savoir plus sur G\u00e9n\u00e9ralit\u00e9s\">Lire la suite<\/a><\/p>\n","protected":false},"author":1,"featured_media":0,"parent":0,"menu_order":0,"comment_status":"closed","ping_status":"closed","template":"","meta":{"footnotes":""},"categories":[26],"class_list":{"0":"post-981","1":"page","2":"type-page","3":"status-publish","5":"category-vie-des-clubs"},"_links":{"self":[{"href":"https:\/\/www.escrime-cde92.fr\/index.php?rest_route=\/wp\/v2\/pages\/981","targetHints":{"allow":["GET"]}}],"collection":[{"href":"https:\/\/www.escrime-cde92.fr\/index.php?rest_route=\/wp\/v2\/pages"}],"about":[{"href":"https:\/\/www.escrime-cde92.fr\/index.php?rest_route=\/wp\/v2\/types\/page"}],"author":[{"embeddable":true,"href":"https:\/\/www.escrime-cde92.fr\/index.php?rest_route=\/wp\/v2\/users\/1"}],"replies":[{"embeddable":true,"href":"https:\/\/www.escrime-cde92.fr\/index.php?rest_route=%2Fwp%2Fv2%2Fcomments&post=981"}],"version-history":[{"count":4,"href":"https:\/\/www.escrime-cde92.fr\/index.php?rest_route=\/wp\/v2\/pages\/981\/revisions"}],"predecessor-version":[{"id":1063,"href":"https:\/\/www.escrime-cde92.fr\/index.php?rest_route=\/wp\/v2\/pages\/981\/revisions\/1063"}],"wp:attachment":[{"href":"https:\/\/www.escrime-cde92.fr\/index.php?rest_route=%2Fwp%2Fv2%2Fmedia&parent=981"}],"wp:term":[{"taxonomy":"category","embeddable":true,"href":"https:\/\/www.escrime-cde92.fr\/index.php?rest_route=%2Fwp%2Fv2%2Fcategories&post=981"}],"curies":[{"name":"wp","href":"https:\/\/api.w.org\/{rel}","templated":true}]}}