{"id":325,"date":"2016-11-26T18:37:24","date_gmt":"2016-11-26T17:37:24","guid":{"rendered":"https:\/\/www.escrime-cde92.fr\/?page_id=325"},"modified":"2023-10-22T17:39:49","modified_gmt":"2023-10-22T15:39:49","slug":"sevres","status":"publish","type":"page","link":"https:\/\/www.escrime-cde92.fr\/?page_id=325","title":{"rendered":"S\u00e8vres"},"content":{"rendered":"<table style=\"width: 94.235%;\" border=\"1\" cellspacing=\"1\" cellpadding=\"1\" align=\"center\">\n<tbody>\n<tr>\n<td style=\"width: 28.1768%;\" width=\"200\"><a href=\"https:\/\/www.escrime-cde92.fr\/wp-content\/uploads\/2016\/11\/Sevres.jpg\"><img loading=\"lazy\" decoding=\"async\" class=\"size-full wp-image-326 aligncenter\" src=\"https:\/\/www.escrime-cde92.fr\/wp-content\/uploads\/2016\/11\/Sevres.jpg\" alt=\"sevres\" width=\"119\" height=\"112\" \/><\/a><\/td>\n<td style=\"width: 37.9834%;\">\n<div>\n<p><span style=\"color: #000080;\"><span style=\"text-decoration: underline;\">Armes pratiqu\u00e9es<\/span>:<\/span><\/p>\n<p><span style=\"color: #000080;\"><b>FLEURET<br \/>\n\u00c9P\u00c9E<\/b><\/span><\/p>\n<\/div>\n<\/td>\n<td style=\"width: 43.5346%;\">\n<div>\n<p><span style=\"color: #000080;\"><span style=\"text-decoration: underline;\">Ma\u00eetres d&rsquo;Armes<\/span>:<\/span><\/p>\n<p><span style=\"color: #000080;\">Thomas SALANDRE<\/span><br \/>\n<span style=\"color: #000080;\">Vincent CHARTET<\/span><\/p>\n<\/div>\n<\/td>\n<\/tr>\n<tr>\n<td style=\"width: 28.1768%;\" width=\"200\"><span style=\"color: #000080;\"><span style=\"text-decoration: underline;\">Salle d&rsquo;Armes<\/span>:<\/span><\/p>\n<p><span style=\"color: #000080;\">Gymnase des cents gardes<\/span><br \/>\n<span style=\"color: #000080;\"> 45 grande rue<\/span><br \/>\n<span style=\"color: #000080;\"> 92310 S\u00e8vres<\/span><\/td>\n<td style=\"width: 37.9834%;\"><span style=\"color: #000080;\">Courriel :<br \/>\n<\/span> <a href=\"mailto:christophe.bullier@jeune.sevrienne.fr?subject=Message%20depuis%20le%20site%20CDE92\" target=\"_blank\" rel=\"noopener\">christophe.bullier@jeune-sevrienne.fr<\/a><\/p>\n<p><span style=\"color: #000080;\">SITE :<\/span> <a href=\"https:\/\/jeune-sevrienne.comiti-sport.fr\/\" target=\"_blank\" rel=\"noopener\">jeune-sevrienne.fr<\/a><\/p>\n<p><a href=\"https:\/\/www.facebook.com\/lajsescrime\" target=\"_blank\" rel=\"noopener\"><img loading=\"lazy\" decoding=\"async\" class=\"alignnone wp-image-834\" src=\"https:\/\/www.escrime-cde92.fr\/wp-content\/uploads\/2016\/11\/FB-fLogo-Blue-broadcast-2-150x150.png\" width=\"30\" height=\"30\" srcset=\"https:\/\/www.escrime-cde92.fr\/wp-content\/uploads\/2016\/11\/FB-fLogo-Blue-broadcast-2-150x150.png 150w, https:\/\/www.escrime-cde92.fr\/wp-content\/uploads\/2016\/11\/FB-fLogo-Blue-broadcast-2.png 250w\" sizes=\"auto, (max-width: 30px) 100vw, 30px\" \/>\u00a0 \u00a0jeunesevrienneescrime<\/a><\/td>\n<td style=\"width: 43.5346%;\"><span style=\"color: #000080;\">Pr\u00e9sident: Christophe BULLIER\u00a0\u00a0<\/span><\/p>\n<p><span style=\"color: #000080;\">Secr\u00e9taire: Cyril CROCHET<\/span><\/p>\n<p><span style=\"color: #000080;\">Tr\u00e9sorier:<br \/>\nFran\u00e7ois BOUTERUCHE<\/span><\/td>\n<\/tr>\n<\/tbody>\n<\/table>\n<p>&nbsp;<\/p>\n","protected":false},"excerpt":{"rendered":"<p>Armes pratiqu\u00e9es: FLEURET \u00c9P\u00c9E Ma\u00eetres d&rsquo;Armes: Thomas SALANDRE Vincent CHARTET Salle d&rsquo;Armes: Gymnase des cents gardes 45 grande rue 92310 S\u00e8vres Courriel : christophe.bullier@jeune-sevrienne.fr SITE : jeune-sevrienne.fr \u00a0 \u00a0jeunesevrienneescrime Pr\u00e9sident: Christophe BULLIER\u00a0\u00a0 Secr\u00e9taire: Cyril CROCHET Tr\u00e9sorier: Fran\u00e7ois BOUTERUCHE &nbsp;<\/p>\n","protected":false},"author":1,"featured_media":0,"parent":0,"menu_order":0,"comment_status":"closed","ping_status":"closed","template":"","meta":{"footnotes":""},"categories":[3],"class_list":{"0":"post-325","1":"page","2":"type-page","3":"status-publish","5":"category-clubs92"},"_links":{"self":[{"href":"https:\/\/www.escrime-cde92.fr\/index.php?rest_route=\/wp\/v2\/pages\/325","targetHints":{"allow":["GET"]}}],"collection":[{"href":"https:\/\/www.escrime-cde92.fr\/index.php?rest_route=\/wp\/v2\/pages"}],"about":[{"href":"https:\/\/www.escrime-cde92.fr\/index.php?rest_route=\/wp\/v2\/types\/page"}],"author":[{"embeddable":true,"href":"https:\/\/www.escrime-cde92.fr\/index.php?rest_route=\/wp\/v2\/users\/1"}],"replies":[{"embeddable":true,"href":"https:\/\/www.escrime-cde92.fr\/index.php?rest_route=%2Fwp%2Fv2%2Fcomments&post=325"}],"version-history":[{"count":12,"href":"https:\/\/www.escrime-cde92.fr\/index.php?rest_route=\/wp\/v2\/pages\/325\/revisions"}],"predecessor-version":[{"id":4771,"href":"https:\/\/www.escrime-cde92.fr\/index.php?rest_route=\/wp\/v2\/pages\/325\/revisions\/4771"}],"wp:attachment":[{"href":"https:\/\/www.escrime-cde92.fr\/index.php?rest_route=%2Fwp%2Fv2%2Fmedia&parent=325"}],"wp:term":[{"taxonomy":"category","embeddable":true,"href":"https:\/\/www.escrime-cde92.fr\/index.php?rest_route=%2Fwp%2Fv2%2Fcategories&post=325"}],"curies":[{"name":"wp","href":"https:\/\/api.w.org\/{rel}","templated":true}]}}