{"id":306,"date":"2016-11-26T18:32:03","date_gmt":"2016-11-26T17:32:03","guid":{"rendered":"https:\/\/www.escrime-cde92.fr\/?page_id=306"},"modified":"2023-10-22T17:21:11","modified_gmt":"2023-10-22T15:21:11","slug":"neuillt-sur-seine","status":"publish","type":"page","link":"https:\/\/www.escrime-cde92.fr\/?page_id=306","title":{"rendered":"Neuilly-sur-Seine"},"content":{"rendered":"<table border=\"1\" cellspacing=\"1\" cellpadding=\"1\" align=\"center\">\n<tbody>\n<tr style=\"height: 96px;\">\n<td style=\"height: 96px;\" width=\"200\"><a href=\"https:\/\/www.escrime-cde92.fr\/wp-content\/uploads\/2016\/11\/Neuilly.jpg\"><img loading=\"lazy\" decoding=\"async\" class=\"size-full wp-image-307 aligncenter\" src=\"https:\/\/www.escrime-cde92.fr\/wp-content\/uploads\/2016\/11\/Neuilly.jpg\" alt=\"neuilly\" width=\"215\" height=\"89\" \/><\/a><\/td>\n<td style=\"height: 96px;\">\n<div><span style=\"color: #000080;\"><span style=\"text-decoration: underline;\">Armes pratiqu\u00e9es<\/span>:<\/span><\/div>\n<div><span style=\"color: #000080;\">\u00a0<\/span><\/div>\n<div><span style=\"color: #000080;\"><b>\u00c9P\u00c9E<\/b><\/span><\/div>\n<div><span style=\"color: #000080;\"><b>FLEURET <\/b><\/span><\/div>\n<div><span style=\"color: #000080;\"><b>SABRE<\/b><\/span><\/div>\n<\/td>\n<td style=\"height: 96px;\">\n<div><\/div>\n<div><span style=\"color: #000080;\"><span style=\"text-decoration: underline;\">Ma\u00eetres d&rsquo;Armes<\/span>:<br \/>\n<\/span><\/div>\n<div><\/div>\n<div><span style=\"color: #000080;\">Marc ALLAIN<br \/>\nAdile EYI<br \/>\n<\/span><span style=\"color: #000080;\">\u00a0<\/span><\/div>\n<div><\/div>\n<\/td>\n<\/tr>\n<tr style=\"height: 168.6px;\">\n<td style=\"height: 168.6px;\" width=\"200\"><span style=\"color: #000080;\"><span style=\"text-decoration: underline;\">Salle d&rsquo;Armes<\/span>:<\/span><\/p>\n<p><span style=\"color: #000080;\">Complexe sportif de l&rsquo;\u00eele du Pont<\/span><br \/>\n<span style=\"color: #000080;\"> Pont de Neuilly<\/span><br \/>\n<span style=\"color: #000080;\"> 92200 Neuilly-sur-Seine<\/span><\/td>\n<td style=\"height: 168.6px;\"><span style=\"color: #000080;\">Courriel :<\/span>\u00a0 <a href=\"mailto:neuillyescrime92@gmail.com?subject=Message%20depuis%20le%20site%20CDE92\" target=\"_blank\" rel=\"noopener\">neuillyescrime92@gmail.com<\/a><\/p>\n<p><span style=\"color: #000080;\">SITE:<\/span>\u00a0 <a href=\"https:\/\/www.neuillyescrime92.com\/\" target=\"_blank\" rel=\"noopener\">www.neuillyescrime92.com<\/a><\/p>\n<p><a href=\"https:\/\/www.facebook.com\/profile.php?id=100079908428231\" target=\"_blank\" rel=\"noopener\"><img loading=\"lazy\" decoding=\"async\" class=\"alignnone wp-image-834\" src=\"https:\/\/www.escrime-cde92.fr\/wp-content\/uploads\/2016\/11\/FB-fLogo-Blue-broadcast-2-150x150.png\" width=\"30\" height=\"30\" srcset=\"https:\/\/www.escrime-cde92.fr\/wp-content\/uploads\/2016\/11\/FB-fLogo-Blue-broadcast-2-150x150.png 150w, https:\/\/www.escrime-cde92.fr\/wp-content\/uploads\/2016\/11\/FB-fLogo-Blue-broadcast-2.png 250w\" sizes=\"auto, (max-width: 30px) 100vw, 30px\" \/>\u00a0 \u00a0NeuillyEscrime<\/a><\/td>\n<td style=\"height: 168.6px;\"><span style=\"color: #000080;\">Pr\u00e9sident: St\u00e9phane PETIT<\/span><\/p>\n<p><span style=\"color: #000080;\">Secr\u00e9taire:\u00a0 C\u00e9line CAYZEELE<\/span><\/p>\n<p><span style=\"color: #000080;\">Tr\u00e9sorier: Alexis CAYZEELE<\/span><\/td>\n<\/tr>\n<\/tbody>\n<\/table>\n<p>&nbsp;<\/p>\n","protected":false},"excerpt":{"rendered":"<p>Armes pratiqu\u00e9es: \u00a0 \u00c9P\u00c9E FLEURET SABRE Ma\u00eetres d&rsquo;Armes: Marc ALLAIN Adile EYI \u00a0 Salle d&rsquo;Armes: Complexe sportif de l&rsquo;\u00eele du Pont Pont de Neuilly 92200 Neuilly-sur-Seine Courriel :\u00a0 neuillyescrime92@gmail.com SITE:\u00a0 www.neuillyescrime92.com \u00a0 \u00a0NeuillyEscrime Pr\u00e9sident: St\u00e9phane PETIT Secr\u00e9taire:\u00a0 C\u00e9line CAYZEELE Tr\u00e9sorier: Alexis CAYZEELE &nbsp;<\/p>\n","protected":false},"author":1,"featured_media":0,"parent":0,"menu_order":0,"comment_status":"closed","ping_status":"closed","template":"","meta":{"footnotes":""},"categories":[3],"class_list":{"0":"post-306","1":"page","2":"type-page","3":"status-publish","5":"category-clubs92"},"_links":{"self":[{"href":"https:\/\/www.escrime-cde92.fr\/index.php?rest_route=\/wp\/v2\/pages\/306","targetHints":{"allow":["GET"]}}],"collection":[{"href":"https:\/\/www.escrime-cde92.fr\/index.php?rest_route=\/wp\/v2\/pages"}],"about":[{"href":"https:\/\/www.escrime-cde92.fr\/index.php?rest_route=\/wp\/v2\/types\/page"}],"author":[{"embeddable":true,"href":"https:\/\/www.escrime-cde92.fr\/index.php?rest_route=\/wp\/v2\/users\/1"}],"replies":[{"embeddable":true,"href":"https:\/\/www.escrime-cde92.fr\/index.php?rest_route=%2Fwp%2Fv2%2Fcomments&post=306"}],"version-history":[{"count":15,"href":"https:\/\/www.escrime-cde92.fr\/index.php?rest_route=\/wp\/v2\/pages\/306\/revisions"}],"predecessor-version":[{"id":4761,"href":"https:\/\/www.escrime-cde92.fr\/index.php?rest_route=\/wp\/v2\/pages\/306\/revisions\/4761"}],"wp:attachment":[{"href":"https:\/\/www.escrime-cde92.fr\/index.php?rest_route=%2Fwp%2Fv2%2Fmedia&parent=306"}],"wp:term":[{"taxonomy":"category","embeddable":true,"href":"https:\/\/www.escrime-cde92.fr\/index.php?rest_route=%2Fwp%2Fv2%2Fcategories&post=306"}],"curies":[{"name":"wp","href":"https:\/\/api.w.org\/{rel}","templated":true}]}}