{"id":296,"date":"2016-11-26T18:27:15","date_gmt":"2016-11-26T17:27:15","guid":{"rendered":"https:\/\/www.escrime-cde92.fr\/?page_id=296"},"modified":"2023-10-22T15:01:12","modified_gmt":"2023-10-22T13:01:12","slug":"montrouge","status":"publish","type":"page","link":"https:\/\/www.escrime-cde92.fr\/?page_id=296","title":{"rendered":"Montrouge"},"content":{"rendered":"<table border=\"1\" cellspacing=\"1\" cellpadding=\"1\" align=\"center\">\n<tbody>\n<tr>\n<td width=\"200\"><\/td>\n<td>\n<div>\n<p><span style=\"color: #000080;\"><span style=\"text-decoration: underline;\">Arme pratiqu\u00e9e<\/span>:<\/span><\/p>\n<p><b><span style=\"color: #000080;\">FLEURET<\/span><br \/>\n<\/b><\/p>\n<\/div>\n<\/td>\n<td>\n<div>\n<p><span style=\"color: #000080;\"><span style=\"text-decoration: underline;\">Ma\u00eetre\u00a0d&rsquo;Armes<\/span>:<\/span><\/p>\n<p><span style=\"color: #000080;\">Fred HIMMER<\/span><\/p>\n<\/div>\n<\/td>\n<\/tr>\n<tr>\n<td width=\"200\"><span style=\"color: #000080;\"><span style=\"text-decoration: underline;\">Salle d&rsquo;Armes<\/span>:<\/span><\/p>\n<p><span style=\"color: #000080;\">Gymnase de Motricit\u00e9 <\/span><br \/>\n<span style=\"color: #000080;\">1 rue Jules Guesde<\/span><br \/>\n<span style=\"color: #000080;\">92120 Montrouge<\/span><\/td>\n<td><span style=\"color: #000080;\">Courriel :\u00a0<\/span> <a href=\"mailto:info@escrime-montrouge.com?subject=Message%20depuis%20le%20site%20CDE92\">info@escrime-montrouge.com<\/a><\/p>\n<p><span style=\"color: #000080;\">SITE :<\/span> <a href=\"http:\/\/escrime-montrouge.com\/\" target=\"_blank\" rel=\"noopener\">escrime-montrouge.com<\/a><\/td>\n<td><span style=\"color: #000080;\">Pr\u00e9sidente:\u00a0Nathalie CLAVERE<\/span><\/p>\n<p><span style=\"color: #000080;\">Secr\u00e9taire: Marion LACAF<\/span><\/p>\n<p><span style=\"color: #000080;\">Tr\u00e9sori\u00e8re: Odile LACAF<\/span><\/td>\n<\/tr>\n<\/tbody>\n<\/table>\n<p>&nbsp;<\/p>\n","protected":false},"excerpt":{"rendered":"<p>Arme pratiqu\u00e9e: FLEURET Ma\u00eetre\u00a0d&rsquo;Armes: Fred HIMMER Salle d&rsquo;Armes: Gymnase de Motricit\u00e9 1 rue Jules Guesde 92120 Montrouge Courriel :\u00a0 info@escrime-montrouge.com SITE : escrime-montrouge.com Pr\u00e9sidente:\u00a0Nathalie CLAVERE Secr\u00e9taire: Marion LACAF Tr\u00e9sori\u00e8re: Odile LACAF &nbsp;<\/p>\n","protected":false},"author":1,"featured_media":0,"parent":0,"menu_order":0,"comment_status":"closed","ping_status":"closed","template":"","meta":{"footnotes":""},"categories":[3],"class_list":{"0":"post-296","1":"page","2":"type-page","3":"status-publish","5":"category-clubs92"},"_links":{"self":[{"href":"https:\/\/www.escrime-cde92.fr\/index.php?rest_route=\/wp\/v2\/pages\/296","targetHints":{"allow":["GET"]}}],"collection":[{"href":"https:\/\/www.escrime-cde92.fr\/index.php?rest_route=\/wp\/v2\/pages"}],"about":[{"href":"https:\/\/www.escrime-cde92.fr\/index.php?rest_route=\/wp\/v2\/types\/page"}],"author":[{"embeddable":true,"href":"https:\/\/www.escrime-cde92.fr\/index.php?rest_route=\/wp\/v2\/users\/1"}],"replies":[{"embeddable":true,"href":"https:\/\/www.escrime-cde92.fr\/index.php?rest_route=%2Fwp%2Fv2%2Fcomments&post=296"}],"version-history":[{"count":4,"href":"https:\/\/www.escrime-cde92.fr\/index.php?rest_route=\/wp\/v2\/pages\/296\/revisions"}],"predecessor-version":[{"id":4755,"href":"https:\/\/www.escrime-cde92.fr\/index.php?rest_route=\/wp\/v2\/pages\/296\/revisions\/4755"}],"wp:attachment":[{"href":"https:\/\/www.escrime-cde92.fr\/index.php?rest_route=%2Fwp%2Fv2%2Fmedia&parent=296"}],"wp:term":[{"taxonomy":"category","embeddable":true,"href":"https:\/\/www.escrime-cde92.fr\/index.php?rest_route=%2Fwp%2Fv2%2Fcategories&post=296"}],"curies":[{"name":"wp","href":"https:\/\/api.w.org\/{rel}","templated":true}]}}