{"id":290,"date":"2016-11-26T18:21:46","date_gmt":"2016-11-26T17:21:46","guid":{"rendered":"https:\/\/www.escrime-cde92.fr\/?page_id=290"},"modified":"2023-10-22T14:57:32","modified_gmt":"2023-10-22T12:57:32","slug":"meudon-la-foret","status":"publish","type":"page","link":"https:\/\/www.escrime-cde92.fr\/?page_id=290","title":{"rendered":"Meudon"},"content":{"rendered":"<table border=\"1\" cellspacing=\"1\" cellpadding=\"1\" align=\"center\">\n<tbody>\n<tr>\n<td width=\"200\"><a href=\"https:\/\/www.escrime-cde92.fr\/wp-content\/uploads\/2016\/11\/Meudon.jpg\"><img loading=\"lazy\" decoding=\"async\" class=\"size-full wp-image-291 aligncenter\" src=\"https:\/\/www.escrime-cde92.fr\/wp-content\/uploads\/2016\/11\/Meudon.jpg\" alt=\"meudon\" width=\"145\" height=\"122\" \/><\/a><\/td>\n<td><span style=\"color: #000080;\"><span style=\"text-decoration: underline;\">Arme pratiqu\u00e9e<\/span>:<\/span><\/p>\n<p><span style=\"color: #000080;\"><b>\u00c9P\u00c9E<\/b><b><br \/>\n<\/b><\/span><\/td>\n<td>\n<div>\n<p><span style=\"color: #000080;\"><span style=\"text-decoration: underline;\">Ma\u00eetres d&rsquo;Armes<\/span>:<\/span><\/p>\n<p><span style=\"color: #000080;\">Anna MROSZCZAK<br \/>\n<\/span><span style=\"color: #000080;\">Fr\u00e9d\u00e9ric FENOUL<\/span><\/p>\n<\/div>\n<\/td>\n<\/tr>\n<tr>\n<td width=\"200\"><span style=\"color: #000080;\"><span style=\"text-decoration: underline;\">Salle d&rsquo;Armes<\/span>:<\/span><\/p>\n<p><span style=\"color: #000080;\">2 rue Pierre et Marie Curie<\/span><br \/>\n<span style=\"color: #000080;\"> 92360 Meudon la For\u00eat<\/span><\/td>\n<td><span style=\"color: #000080;\">Courriel :<\/span> <a href=\"mailto:escrimeasm@gmail.com?subject=Message%20depuis%20le%20site%20CDE92\" target=\"_blank\" rel=\"noopener\">escrimeasm@gmail.com<\/a><a href=\"mailto:asmescrime@yahoo.fr?subject=Message%20depuis%20le%20site%20CDE92\">\u00a0<\/a><\/p>\n<p><span style=\"color: #000080;\">SITE :<\/span>\u00a0 <a href=\"http:\/\/asmeudon.unblog.fr\/category\/escrime\/\" target=\"_blank\" rel=\"noopener\">asmeudon.unblog.fr<\/a><\/td>\n<td><span style=\"color: #000080;\">Pr\u00e9sidente: Caroline SAUTET\u00a0<\/span><\/p>\n<p><span style=\"color: #000080;\">Secr\u00e9taire: Sana MESSAI<\/span><\/p>\n<p><span style=\"color: #000080;\">Tr\u00e9sori\u00e8re: Charlotte MAILHAT\u00a0\u00a0<\/span><\/td>\n<\/tr>\n<\/tbody>\n<\/table>\n<p>&nbsp;<\/p>\n","protected":false},"excerpt":{"rendered":"<p>Arme pratiqu\u00e9e: \u00c9P\u00c9E Ma\u00eetres d&rsquo;Armes: Anna MROSZCZAK Fr\u00e9d\u00e9ric FENOUL Salle d&rsquo;Armes: 2 rue Pierre et Marie Curie 92360 Meudon la For\u00eat Courriel : escrimeasm@gmail.com\u00a0 SITE :\u00a0 asmeudon.unblog.fr Pr\u00e9sidente: Caroline SAUTET\u00a0 Secr\u00e9taire: Sana MESSAI Tr\u00e9sori\u00e8re: Charlotte MAILHAT\u00a0\u00a0 &nbsp;<\/p>\n","protected":false},"author":1,"featured_media":0,"parent":0,"menu_order":0,"comment_status":"closed","ping_status":"closed","template":"","meta":{"footnotes":""},"categories":[3],"class_list":{"0":"post-290","1":"page","2":"type-page","3":"status-publish","5":"category-clubs92"},"_links":{"self":[{"href":"https:\/\/www.escrime-cde92.fr\/index.php?rest_route=\/wp\/v2\/pages\/290","targetHints":{"allow":["GET"]}}],"collection":[{"href":"https:\/\/www.escrime-cde92.fr\/index.php?rest_route=\/wp\/v2\/pages"}],"about":[{"href":"https:\/\/www.escrime-cde92.fr\/index.php?rest_route=\/wp\/v2\/types\/page"}],"author":[{"embeddable":true,"href":"https:\/\/www.escrime-cde92.fr\/index.php?rest_route=\/wp\/v2\/users\/1"}],"replies":[{"embeddable":true,"href":"https:\/\/www.escrime-cde92.fr\/index.php?rest_route=%2Fwp%2Fv2%2Fcomments&post=290"}],"version-history":[{"count":11,"href":"https:\/\/www.escrime-cde92.fr\/index.php?rest_route=\/wp\/v2\/pages\/290\/revisions"}],"predecessor-version":[{"id":4754,"href":"https:\/\/www.escrime-cde92.fr\/index.php?rest_route=\/wp\/v2\/pages\/290\/revisions\/4754"}],"wp:attachment":[{"href":"https:\/\/www.escrime-cde92.fr\/index.php?rest_route=%2Fwp%2Fv2%2Fmedia&parent=290"}],"wp:term":[{"taxonomy":"category","embeddable":true,"href":"https:\/\/www.escrime-cde92.fr\/index.php?rest_route=%2Fwp%2Fv2%2Fcategories&post=290"}],"curies":[{"name":"wp","href":"https:\/\/api.w.org\/{rel}","templated":true}]}}