{"id":265,"date":"2016-11-26T18:03:45","date_gmt":"2016-11-26T17:03:45","guid":{"rendered":"https:\/\/www.escrime-cde92.fr\/?page_id=265"},"modified":"2023-10-24T10:45:45","modified_gmt":"2023-10-24T08:45:45","slug":"garches","status":"publish","type":"page","link":"https:\/\/www.escrime-cde92.fr\/?page_id=265","title":{"rendered":"Garches"},"content":{"rendered":"<table border=\"1\" cellspacing=\"1\" cellpadding=\"1\" align=\"center\">\n<tbody>\n<tr>\n<td width=\"200\"><a href=\"https:\/\/www.escrime-cde92.fr\/wp-content\/uploads\/2023\/10\/Logo-Garches.png\"><img loading=\"lazy\" decoding=\"async\" class=\"alignnone size-full wp-image-4815\" src=\"https:\/\/www.escrime-cde92.fr\/wp-content\/uploads\/2023\/10\/Logo-Garches.png\" alt=\"\" width=\"288\" height=\"204\" \/><\/a><\/td>\n<td>\n<div><span style=\"color: #000080;\"><span style=\"text-decoration: underline;\">Armes pratiqu\u00e9es<\/span>:<\/span><\/div>\n<div><span style=\"color: #000080;\"><strong>FLEURET<\/strong><\/span><\/div>\n<div><span style=\"color: #000080;\"><strong>\u00c9P\u00c9E\u00a0<\/strong><\/span><\/div>\n<\/td>\n<td>\n<div><span style=\"color: #000080;\"><span style=\"text-decoration: underline;\">Ma\u00eetre d&rsquo;Armes<\/span>:<\/span><\/div>\n<p><span style=\"color: #000080;\">Fred HIMMER<\/span><\/td>\n<\/tr>\n<tr>\n<td width=\"200\"><span style=\"color: #000080;\"><span style=\"text-decoration: underline;\">Salle d&rsquo;Armes<\/span>:<\/span><\/p>\n<p><span style=\"color: #000080;\">Espace Ramon<\/span><br \/>\n<span style=\"color: #000080;\"> 7 rue des Suisses<\/span><br \/>\n<span style=\"color: #000080;\"> 92380 Garches<\/span><\/td>\n<td><span style=\"color: #000080;\">Courriel :\u00a0<\/span> <a href=\"mailto:eric.rebiffe@orange.fr?subject=Message%20depuis%20le%20site%20CDE92\">eric.rebiffe@orange.fr\u00a0<\/a><\/p>\n<p>SITE: <a href=\"https:\/\/associations.garches.fr\/item\/garches-escrime\/\" target=\"_blank\" rel=\"noopener\">associations.garches.fr<\/a><\/td>\n<td><span style=\"color: #000080;\">Pr\u00e9sident: Eric REBIFF\u00c9<\/span><\/p>\n<p><span style=\"color: #000080;\">Secr\u00e9taire: C\u00e9dric LEGENTIL<\/span><\/p>\n<p><span style=\"color: #000080;\">Tr\u00e9sorier: Bruno PAVEGLIO\u00a0 \u00a0<\/span><\/td>\n<\/tr>\n<\/tbody>\n<\/table>\n","protected":false},"excerpt":{"rendered":"<p>Armes pratiqu\u00e9es: FLEURET \u00c9P\u00c9E\u00a0 Ma\u00eetre d&rsquo;Armes: Fred HIMMER Salle d&rsquo;Armes: Espace Ramon 7 rue des Suisses 92380 Garches Courriel :\u00a0 eric.rebiffe@orange.fr\u00a0 SITE: associations.garches.fr Pr\u00e9sident: Eric REBIFF\u00c9 Secr\u00e9taire: C\u00e9dric LEGENTIL Tr\u00e9sorier: Bruno PAVEGLIO\u00a0 \u00a0<\/p>\n","protected":false},"author":1,"featured_media":0,"parent":0,"menu_order":0,"comment_status":"closed","ping_status":"closed","template":"","meta":{"footnotes":""},"categories":[3],"class_list":{"0":"post-265","1":"page","2":"type-page","3":"status-publish","5":"category-clubs92"},"_links":{"self":[{"href":"https:\/\/www.escrime-cde92.fr\/index.php?rest_route=\/wp\/v2\/pages\/265","targetHints":{"allow":["GET"]}}],"collection":[{"href":"https:\/\/www.escrime-cde92.fr\/index.php?rest_route=\/wp\/v2\/pages"}],"about":[{"href":"https:\/\/www.escrime-cde92.fr\/index.php?rest_route=\/wp\/v2\/types\/page"}],"author":[{"embeddable":true,"href":"https:\/\/www.escrime-cde92.fr\/index.php?rest_route=\/wp\/v2\/users\/1"}],"replies":[{"embeddable":true,"href":"https:\/\/www.escrime-cde92.fr\/index.php?rest_route=%2Fwp%2Fv2%2Fcomments&post=265"}],"version-history":[{"count":8,"href":"https:\/\/www.escrime-cde92.fr\/index.php?rest_route=\/wp\/v2\/pages\/265\/revisions"}],"predecessor-version":[{"id":4816,"href":"https:\/\/www.escrime-cde92.fr\/index.php?rest_route=\/wp\/v2\/pages\/265\/revisions\/4816"}],"wp:attachment":[{"href":"https:\/\/www.escrime-cde92.fr\/index.php?rest_route=%2Fwp%2Fv2%2Fmedia&parent=265"}],"wp:term":[{"taxonomy":"category","embeddable":true,"href":"https:\/\/www.escrime-cde92.fr\/index.php?rest_route=%2Fwp%2Fv2%2Fcategories&post=265"}],"curies":[{"name":"wp","href":"https:\/\/api.w.org\/{rel}","templated":true}]}}