{"id":2614,"date":"2018-12-05T18:30:06","date_gmt":"2018-12-05T17:30:06","guid":{"rendered":"https:\/\/www.escrime-cde92.fr\/?page_id=2614"},"modified":"2018-12-05T18:30:06","modified_gmt":"2018-12-05T17:30:06","slug":"deces-brigitte-dumont","status":"publish","type":"page","link":"https:\/\/www.escrime-cde92.fr\/?page_id=2614","title":{"rendered":"D\u00e9c\u00e8s Brigitte Dumont"},"content":{"rendered":"<p><strong>D\u00e9c\u00e8s Brigitte DUMONT<\/strong><\/p>\n<p>Une grande<span style=\"color: #000000;\"> dame<\/span> de l&rsquo;escrime s&rsquo;en est all\u00e9e :<\/p>\n<p>C\u2019est avec une immense tristesse que nous avons appris le d\u00e9c\u00e8s de Brigitte DUMONT-GAPAIS. Cette grande championne a marqu\u00e9 le monde de l\u2019Escrime par ses r\u00e9sultats, son engagement \u00e0 la F\u00e9d\u00e9ration Fran\u00e7aise d&rsquo;Escrime en tant que secr\u00e9taire g\u00e9n\u00e9rale pendant plus de 15 ans, et aussi dans le d\u00e9partement des Hauts-de-Seine lors de la cr\u00e9ation du clubs Issy Mousquetaires, sa passion pour notre sport lui a permis de mettre ce club sur la route du haut niveau.<\/p>\n<p>L&rsquo;ensemble du Comit\u00e9 D\u00e9partemental d&rsquo;Escrime des Hauts-de-Seine et les clubs du d\u00e9partement adressent \u00e0 sa famille et plus particuli\u00e8rement \u00e0 ses enfants Anne et Edouard et Bernard son \u00e9poux leurs plus sinc\u00e8res condol\u00e9ances.<\/p>\n","protected":false},"excerpt":{"rendered":"<p>D\u00e9c\u00e8s Brigitte DUMONT Une grande dame de l&rsquo;escrime s&rsquo;en est all\u00e9e : C\u2019est avec une immense tristesse que nous avons appris le d\u00e9c\u00e8s de Brigitte DUMONT-GAPAIS. Cette grande championne a marqu\u00e9 le monde de l\u2019Escrime par ses r\u00e9sultats, son engagement \u00e0 la F\u00e9d\u00e9ration Fran\u00e7aise d&rsquo;Escrime en tant que secr\u00e9taire g\u00e9n\u00e9rale pendant plus de 15 ans, &#8230; <a title=\"D\u00e9c\u00e8s Brigitte Dumont\" class=\"read-more\" href=\"https:\/\/www.escrime-cde92.fr\/?page_id=2614\" aria-label=\"En savoir plus sur D\u00e9c\u00e8s Brigitte Dumont\">Lire la suite<\/a><\/p>\n","protected":false},"author":1,"featured_media":0,"parent":0,"menu_order":0,"comment_status":"closed","ping_status":"closed","template":"","meta":{"footnotes":""},"categories":[18],"class_list":{"0":"post-2614","1":"page","2":"type-page","3":"status-publish","5":"category-regroupement"},"_links":{"self":[{"href":"https:\/\/www.escrime-cde92.fr\/index.php?rest_route=\/wp\/v2\/pages\/2614","targetHints":{"allow":["GET"]}}],"collection":[{"href":"https:\/\/www.escrime-cde92.fr\/index.php?rest_route=\/wp\/v2\/pages"}],"about":[{"href":"https:\/\/www.escrime-cde92.fr\/index.php?rest_route=\/wp\/v2\/types\/page"}],"author":[{"embeddable":true,"href":"https:\/\/www.escrime-cde92.fr\/index.php?rest_route=\/wp\/v2\/users\/1"}],"replies":[{"embeddable":true,"href":"https:\/\/www.escrime-cde92.fr\/index.php?rest_route=%2Fwp%2Fv2%2Fcomments&post=2614"}],"version-history":[{"count":1,"href":"https:\/\/www.escrime-cde92.fr\/index.php?rest_route=\/wp\/v2\/pages\/2614\/revisions"}],"predecessor-version":[{"id":2615,"href":"https:\/\/www.escrime-cde92.fr\/index.php?rest_route=\/wp\/v2\/pages\/2614\/revisions\/2615"}],"wp:attachment":[{"href":"https:\/\/www.escrime-cde92.fr\/index.php?rest_route=%2Fwp%2Fv2%2Fmedia&parent=2614"}],"wp:term":[{"taxonomy":"category","embeddable":true,"href":"https:\/\/www.escrime-cde92.fr\/index.php?rest_route=%2Fwp%2Fv2%2Fcategories&post=2614"}],"curies":[{"name":"wp","href":"https:\/\/api.w.org\/{rel}","templated":true}]}}