{"id":2605,"date":"2018-11-29T10:11:16","date_gmt":"2018-11-29T09:11:16","guid":{"rendered":"https:\/\/www.escrime-cde92.fr\/?page_id=2605"},"modified":"2018-11-29T10:11:16","modified_gmt":"2018-11-29T09:11:16","slug":"depliant-soyons-sport","status":"publish","type":"page","link":"https:\/\/www.escrime-cde92.fr\/?page_id=2605","title":{"rendered":"D\u00e9pliant Soyons Sport"},"content":{"rendered":"<p><span style=\"font-size: 14pt;\"><strong>Ce d\u00e9pliant \u00e9labor\u00e9 par le CDE92 peut \u00eatre mis \u00e0 disposition des clubs, et de tout public lors des \u00e9preuves d\u00e9partementales<\/strong><\/span><\/p>\n<p><a href=\"https:\/\/www.escrime-cde92.fr\/wp-content\/uploads\/2018\/11\/d\u00e9pliant-soyons-sports-web.pdf\" target=\"_blank\" rel=\"noopener\"><span style=\"text-decoration: underline;\"><strong>t\u00e9l\u00e9charger le d\u00e9pliant<\/strong><\/span><\/a><\/p>\n","protected":false},"excerpt":{"rendered":"<p>Ce d\u00e9pliant \u00e9labor\u00e9 par le CDE92 peut \u00eatre mis \u00e0 disposition des clubs, et de tout public lors des \u00e9preuves d\u00e9partementales t\u00e9l\u00e9charger le d\u00e9pliant<\/p>\n","protected":false},"author":1,"featured_media":0,"parent":0,"menu_order":0,"comment_status":"closed","ping_status":"closed","template":"","meta":{"footnotes":""},"categories":[25],"class_list":{"0":"post-2605","1":"page","2":"type-page","3":"status-publish","5":"category-nos-actions"},"_links":{"self":[{"href":"https:\/\/www.escrime-cde92.fr\/index.php?rest_route=\/wp\/v2\/pages\/2605","targetHints":{"allow":["GET"]}}],"collection":[{"href":"https:\/\/www.escrime-cde92.fr\/index.php?rest_route=\/wp\/v2\/pages"}],"about":[{"href":"https:\/\/www.escrime-cde92.fr\/index.php?rest_route=\/wp\/v2\/types\/page"}],"author":[{"embeddable":true,"href":"https:\/\/www.escrime-cde92.fr\/index.php?rest_route=\/wp\/v2\/users\/1"}],"replies":[{"embeddable":true,"href":"https:\/\/www.escrime-cde92.fr\/index.php?rest_route=%2Fwp%2Fv2%2Fcomments&post=2605"}],"version-history":[{"count":1,"href":"https:\/\/www.escrime-cde92.fr\/index.php?rest_route=\/wp\/v2\/pages\/2605\/revisions"}],"predecessor-version":[{"id":2606,"href":"https:\/\/www.escrime-cde92.fr\/index.php?rest_route=\/wp\/v2\/pages\/2605\/revisions\/2606"}],"wp:attachment":[{"href":"https:\/\/www.escrime-cde92.fr\/index.php?rest_route=%2Fwp%2Fv2%2Fmedia&parent=2605"}],"wp:term":[{"taxonomy":"category","embeddable":true,"href":"https:\/\/www.escrime-cde92.fr\/index.php?rest_route=%2Fwp%2Fv2%2Fcategories&post=2605"}],"curies":[{"name":"wp","href":"https:\/\/api.w.org\/{rel}","templated":true}]}}