{"id":250,"date":"2016-11-26T15:25:10","date_gmt":"2016-11-26T14:25:10","guid":{"rendered":"https:\/\/www.escrime-cde92.fr\/?page_id=250"},"modified":"2023-10-22T14:22:57","modified_gmt":"2023-10-22T12:22:57","slug":"colombes","status":"publish","type":"page","link":"https:\/\/www.escrime-cde92.fr\/?page_id=250","title":{"rendered":"Colombes"},"content":{"rendered":"<table border=\"1\" cellspacing=\"1\" cellpadding=\"1\" align=\"center\">\n<tbody>\n<tr>\n<td width=\"200\"><a href=\"https:\/\/www.escrime-cde92.fr\/wp-content\/uploads\/2016\/11\/Colombes.jpg\"><img loading=\"lazy\" decoding=\"async\" class=\"size-full wp-image-251 aligncenter\" src=\"https:\/\/www.escrime-cde92.fr\/wp-content\/uploads\/2016\/11\/Colombes.jpg\" alt=\"colombes\" width=\"87\" height=\"117\" \/><\/a><\/td>\n<td>\n<div>\n<p><span style=\"color: #000080;\"><span style=\"text-decoration: underline;\">Armes pratiqu\u00e9es<\/span>:<\/span><\/p>\n<p><span style=\"color: #000080;\"><b>FLEURET<br \/>\n<\/b><b>\u00c9P\u00c9E<\/b><b><br \/>\n<\/b><\/span><\/p>\n<\/div>\n<\/td>\n<td>\n<div>\n<p><span style=\"color: #000080;\"><span style=\"text-decoration: underline;\">Ma\u00eetre d&rsquo;Armes<\/span>:<\/span><\/p>\n<p><span style=\"color: #000080;\">Babacar KADAME<\/span><span style=\"color: #000080;\">\u00a0<\/span><\/p>\n<\/div>\n<\/td>\n<\/tr>\n<tr>\n<td width=\"200\"><span style=\"color: #000080;\"><span style=\"text-decoration: underline;\">Salle d&rsquo;Armes<\/span>:<\/span><\/p>\n<p><span style=\"color: #000080;\">21 rue Diderot<\/span><br \/>\n<span style=\"color: #000080;\"> 92700 Colombes<\/span><\/td>\n<td><span style=\"color: #000080;\">Courriel :<\/span><br \/>\n<a href=\"mailto:bureau@escrime-colombes.fr\">bureau@escrime-colombes.fr<\/a><\/p>\n<p><span style=\"color: #000080;\">SITE : <\/span><a href=\"http:\/\/www.escrime-colombes.com\/\" target=\"_blank\" rel=\"noopener\">www.escrime-colombes.com\u00a0<\/a><\/p>\n<p><a href=\"https:\/\/www.facebook.com\/escrimecolombes\" target=\"_blank\" rel=\"noopener\"><img loading=\"lazy\" decoding=\"async\" class=\"alignnone wp-image-834\" src=\"https:\/\/www.escrime-cde92.fr\/wp-content\/uploads\/2016\/11\/FB-fLogo-Blue-broadcast-2-150x150.png\" width=\"30\" height=\"30\" srcset=\"https:\/\/www.escrime-cde92.fr\/wp-content\/uploads\/2016\/11\/FB-fLogo-Blue-broadcast-2-150x150.png 150w, https:\/\/www.escrime-cde92.fr\/wp-content\/uploads\/2016\/11\/FB-fLogo-Blue-broadcast-2.png 250w\" sizes=\"auto, (max-width: 30px) 100vw, 30px\" \/>\u00a0 \u00a0escrimecolombes<\/a><\/td>\n<td><span style=\"color: #000080;\">Pr\u00e9sidente: Amandine FAWAZ\u00a0\u00a0<\/span><\/p>\n<p><span style=\"color: #000080;\">Secr\u00e9taire: Laurent SALIN<\/span><\/p>\n<p><span style=\"color: #000080;\">Tr\u00e9sorier:<br \/>\nAlexis RAVEL d&rsquo;ESTIENNE<\/span><\/td>\n<\/tr>\n<\/tbody>\n<\/table>\n<p>&nbsp;<\/p>\n","protected":false},"excerpt":{"rendered":"<p>Armes pratiqu\u00e9es: FLEURET \u00c9P\u00c9E Ma\u00eetre d&rsquo;Armes: Babacar KADAME\u00a0 Salle d&rsquo;Armes: 21 rue Diderot 92700 Colombes Courriel : bureau@escrime-colombes.fr SITE : www.escrime-colombes.com\u00a0 \u00a0 \u00a0escrimecolombes Pr\u00e9sidente: Amandine FAWAZ\u00a0\u00a0 Secr\u00e9taire: Laurent SALIN Tr\u00e9sorier: Alexis RAVEL d&rsquo;ESTIENNE &nbsp;<\/p>\n","protected":false},"author":1,"featured_media":0,"parent":0,"menu_order":0,"comment_status":"closed","ping_status":"closed","template":"","meta":{"footnotes":""},"categories":[3],"class_list":{"0":"post-250","1":"page","2":"type-page","3":"status-publish","5":"category-clubs92"},"_links":{"self":[{"href":"https:\/\/www.escrime-cde92.fr\/index.php?rest_route=\/wp\/v2\/pages\/250","targetHints":{"allow":["GET"]}}],"collection":[{"href":"https:\/\/www.escrime-cde92.fr\/index.php?rest_route=\/wp\/v2\/pages"}],"about":[{"href":"https:\/\/www.escrime-cde92.fr\/index.php?rest_route=\/wp\/v2\/types\/page"}],"author":[{"embeddable":true,"href":"https:\/\/www.escrime-cde92.fr\/index.php?rest_route=\/wp\/v2\/users\/1"}],"replies":[{"embeddable":true,"href":"https:\/\/www.escrime-cde92.fr\/index.php?rest_route=%2Fwp%2Fv2%2Fcomments&post=250"}],"version-history":[{"count":11,"href":"https:\/\/www.escrime-cde92.fr\/index.php?rest_route=\/wp\/v2\/pages\/250\/revisions"}],"predecessor-version":[{"id":4741,"href":"https:\/\/www.escrime-cde92.fr\/index.php?rest_route=\/wp\/v2\/pages\/250\/revisions\/4741"}],"wp:attachment":[{"href":"https:\/\/www.escrime-cde92.fr\/index.php?rest_route=%2Fwp%2Fv2%2Fmedia&parent=250"}],"wp:term":[{"taxonomy":"category","embeddable":true,"href":"https:\/\/www.escrime-cde92.fr\/index.php?rest_route=%2Fwp%2Fv2%2Fcategories&post=250"}],"curies":[{"name":"wp","href":"https:\/\/api.w.org\/{rel}","templated":true}]}}