{"id":225,"date":"2016-11-26T15:13:23","date_gmt":"2016-11-26T14:13:23","guid":{"rendered":"https:\/\/www.escrime-cde92.fr\/?page_id=225"},"modified":"2023-10-24T09:13:15","modified_gmt":"2023-10-24T07:13:15","slug":"bourg-la-reine","status":"publish","type":"page","link":"https:\/\/www.escrime-cde92.fr\/?page_id=225","title":{"rendered":"Bourg-la-Reine"},"content":{"rendered":"<p>&nbsp;<\/p>\n<table border=\"1\" cellspacing=\"1\" cellpadding=\"1\" align=\"center\">\n<tbody>\n<tr>\n<td width=\"200\"><a href=\"https:\/\/www.escrime-cde92.fr\/wp-content\/uploads\/2017\/11\/BLR92_logo.png\"><img loading=\"lazy\" decoding=\"async\" class=\"wp-image-2032 aligncenter\" src=\"https:\/\/www.escrime-cde92.fr\/wp-content\/uploads\/2017\/11\/BLR92_logo.png\" alt=\"\" width=\"147\" height=\"202\" \/><\/a><\/td>\n<td>\n<div><span style=\"color: #000080;\"><span style=\"text-decoration: underline;\">Armes pratiqu\u00e9es<\/span>:<\/span><\/div>\n<div><span style=\"color: #000080;\"><b>FLEURET<br \/>\n\u00c9P\u00c9E<\/b><\/span><\/div>\n<\/td>\n<td>\n<div><span style=\"color: #000080;\"><span style=\"text-decoration: underline;\">Ma\u00eetres d&rsquo;armes<\/span>:<\/span><br \/>\n<span style=\"color: #000080;\"> Geoffroy LABOURIER<\/span><br \/>\n<span style=\"color: #000080;\">Anthony AUREY<\/span><br \/>\n<span style=\"color: #000080;\">No\u00ebl CHIRAC<br \/>\nYann DETIENNE<\/span><br \/>\n<span style=\"color: #000080;\"> R\u00e9mi MORLOT<\/span><\/div>\n<div><span style=\"color: #000080;\">Guillaume PITTA<\/span><\/div>\n<div><\/div>\n<\/td>\n<\/tr>\n<tr>\n<td width=\"200\"><span style=\"color: #000080;\"><span style=\"text-decoration: underline;\">Salle d&rsquo;armes<\/span>:<\/span><\/p>\n<p><span style=\"color: #000080;\">8 avenue de Montrouge<\/span><br \/>\n<span style=\"color: #000080;\"> 92340 Bourg-la-Reine<\/span><\/td>\n<td><span style=\"color: #000080;\">Courriel :<\/span>\u00a0 <a href=\"mailto:contact@blr92.fr?subject=Message%20depuis%20le%20site%20CDE92\">contact@blr92.fr\u00a0\u00a0\u00a0<\/a><\/p>\n<p>S<span style=\"color: #000080;\">ITE :<\/span>\u00a0 <a href=\"http:\/\/blr92.fr\/\" target=\"_blank\" rel=\"noopener\">blr92.fr<\/a><\/p>\n<p><a href=\"https:\/\/www.facebook.com\/BLR92ESCRIME\" target=\"_blank\" rel=\"noopener\"><img loading=\"lazy\" decoding=\"async\" class=\"alignnone wp-image-834\" src=\"https:\/\/www.escrime-cde92.fr\/wp-content\/uploads\/2016\/11\/FB-fLogo-Blue-broadcast-2-150x150.png\" width=\"30\" height=\"30\" srcset=\"https:\/\/www.escrime-cde92.fr\/wp-content\/uploads\/2016\/11\/FB-fLogo-Blue-broadcast-2-150x150.png 150w, https:\/\/www.escrime-cde92.fr\/wp-content\/uploads\/2016\/11\/FB-fLogo-Blue-broadcast-2.png 250w\" sizes=\"auto, (max-width: 30px) 100vw, 30px\" \/>\u00a0 \u00a0blr92escrime<\/a><\/td>\n<td><span style=\"color: #000080;\">Pr\u00e9sident: Julien BLANCHET<\/span><\/p>\n<p><span style=\"color: #000080;\">Secr\u00e9taire: Patrice BECKER<\/span><\/p>\n<p><span style=\"color: #000080;\">Tr\u00e9sorier: Val\u00e9ry EICH-GOZZI\u00a0 \u00a0\u00a0<\/span><\/td>\n<\/tr>\n<\/tbody>\n<\/table>\n<p>&nbsp;<\/p>\n","protected":false},"excerpt":{"rendered":"<p>&nbsp; Armes pratiqu\u00e9es: FLEURET \u00c9P\u00c9E Ma\u00eetres d&rsquo;armes: Geoffroy LABOURIER Anthony AUREY No\u00ebl CHIRAC Yann DETIENNE R\u00e9mi MORLOT Guillaume PITTA Salle d&rsquo;armes: 8 avenue de Montrouge 92340 Bourg-la-Reine Courriel :\u00a0 contact@blr92.fr\u00a0\u00a0\u00a0 SITE :\u00a0 blr92.fr \u00a0 \u00a0blr92escrime Pr\u00e9sident: Julien BLANCHET Secr\u00e9taire: Patrice BECKER Tr\u00e9sorier: Val\u00e9ry EICH-GOZZI\u00a0 \u00a0\u00a0 &nbsp;<\/p>\n","protected":false},"author":1,"featured_media":0,"parent":0,"menu_order":0,"comment_status":"closed","ping_status":"closed","template":"","meta":{"footnotes":""},"categories":[3],"class_list":{"0":"post-225","1":"page","2":"type-page","3":"status-publish","5":"category-clubs92"},"_links":{"self":[{"href":"https:\/\/www.escrime-cde92.fr\/index.php?rest_route=\/wp\/v2\/pages\/225","targetHints":{"allow":["GET"]}}],"collection":[{"href":"https:\/\/www.escrime-cde92.fr\/index.php?rest_route=\/wp\/v2\/pages"}],"about":[{"href":"https:\/\/www.escrime-cde92.fr\/index.php?rest_route=\/wp\/v2\/types\/page"}],"author":[{"embeddable":true,"href":"https:\/\/www.escrime-cde92.fr\/index.php?rest_route=\/wp\/v2\/users\/1"}],"replies":[{"embeddable":true,"href":"https:\/\/www.escrime-cde92.fr\/index.php?rest_route=%2Fwp%2Fv2%2Fcomments&post=225"}],"version-history":[{"count":12,"href":"https:\/\/www.escrime-cde92.fr\/index.php?rest_route=\/wp\/v2\/pages\/225\/revisions"}],"predecessor-version":[{"id":4814,"href":"https:\/\/www.escrime-cde92.fr\/index.php?rest_route=\/wp\/v2\/pages\/225\/revisions\/4814"}],"wp:attachment":[{"href":"https:\/\/www.escrime-cde92.fr\/index.php?rest_route=%2Fwp%2Fv2%2Fmedia&parent=225"}],"wp:term":[{"taxonomy":"category","embeddable":true,"href":"https:\/\/www.escrime-cde92.fr\/index.php?rest_route=%2Fwp%2Fv2%2Fcategories&post=225"}],"curies":[{"name":"wp","href":"https:\/\/api.w.org\/{rel}","templated":true}]}}